of t?
8
What is the tens digit of ((-28)/(-2))/(6/36)?
8
Let o = 66 + -44. Suppose 3*t = -3*s + 15, 4*s + 4*t + t = o. What is the units digit of s?
3
Suppose -5*i - 5*a = -50 - 95, -4*a + 64 = 2*i. Suppose 13 = 3*u - x, 5*u - 2*x + 6 = i. Let h = u - 2. What is the units digit of h?
4
Suppose b + 76 = 3*b. Let j(x) = x**3 + 18*x**2 - x. Let s be j(-18). Let r = b - s. What is the tens digit of r?
2
Let j(l) = -2*l - 7. Let r(q) = q - 1. Let v(k) = j(k) - 5*r(k). Let t be v(-2). Suppose 3 = 5*d - t. What is the units digit of d?
3
Suppose f = -3*f - 2*m + 28, 3*m = -4*f + 24. What is the units digit of f?
9
Suppose 2 = 5*t + 2*f, 6*f = 2*f + 4. Suppose -m - 23 = -5*v, -4*v + 30 = -t*v + 5*m. Let o(i) = i**2 - 3*i + 3. What is the tens digit of o(v)?
1
Let t = 468 - 241. What is the units digit of t?
7
Let c(q) = 20*q + 4. What is the tens digit of c(2)?
4
Let p(k) = -k**3 + 6*k**2 + 8*k - 3. Let w be p(7). Suppose -4*b + 3*b = u - 2, -w*b - 16 = 0. What is the units digit of u?
6
Let s(h) = -5*h**3 + h + 1. Let u = -4 - -3. Let w be s(u). Suppose 2*k = 3 + w. What is the units digit of k?
4
Let x be 0 - -12 - (-64)/(-16). What is the units digit of 336/20 - x/10?
6
Let f = 29 + -3. What is the units digit of 4/10 + f/10?
3
What is the tens digit of (6/9)/(6/18) - -69?
7
Suppose -4 = -b - 1. What is the units digit of 10 + (0 + b - 5)?
8
Suppose 2*d - 3*l = 0, 4*d - 2*d + 4*l - 28 = 0. Let u = d + 1. What is the units digit of u?
7
Let y(v) be the second derivative of -v**4/12 + 4*v**3/3 - 3*v**2 - 4*v. What is the units digit of y(7)?
1
Let k = -9 - -20. What is the tens digit of k?
1
What is the tens digit of 2 + -3 - -3 - -134?
3
Let g(c) = c + 12. Let w be g(-8). Suppose -w*p - 2*r + 74 = 0, 5*p - 4*r = -0*p + 112. What is the tens digit of p?
2
Let s(h) = -h**2 + 6*h + 8. Let j = 21 + -15. Let w be s(j). Suppose 60 = 4*t + w. What is the units digit of t?
3
Suppose 5*w = y + 378, 0 = w + 5*y - 35 - 25. Suppose z + 58 = -5*f - 95, 2*f + w = -5*z. What is the units digit of ((-2)/(-4))/((-5)/f)?
3
Let r(j) = j**2. Let d(p) = -7*p**2 + 2*p. Let n(a) = -d(a) - 6*r(a). What is the units digit of n(4)?
8
Let h be 0 - (-174 + 1) - 0. Let p = -117 + h. Suppose p + 4 = 5*n. What is the units digit of n?
2
Let d = 82 - 56. What is the tens digit of d?
2
Let c(m) = -m**3 - m**2 - m + 9. Let v be c(0). Let z = v - -4. What is the tens digit of z?
1
Suppose 3*r + 40 = 5*y, -5*y = 2*r - 0*r - 15. Suppose -o + y*o = 16. What is the units digit of o?
4
Let c(p) = -p**3 + p - 2. Let t be c(-2). Suppose -t = -3*a + 11. Suppose 0 = a*l - 4*m - 36, -l = 5*m - 0*m + 16. What is the units digit of l?
4
Suppose 0 = 6*f - f + 20. What is the units digit of 1 + 1 + (f - -7)?
5
Let g(t) = t**3 + 8*t**2 + 6*t - 7. Let y be g(-7). Let j = y + 16. What is the units digit of j?
6
Let x = -35 + 196. What is the hundreds digit of x?
1
Let x = -41 - -90. Suppose u - x + 4 = 0. What is the units digit of u?
5
Let o(x) = -x**3 - 6*x**2 - 2*x + 11. What is the tens digit of o(-6)?
2
Let b = 21 - 3. Suppose -t - b = -3*a, 0*t + 34 = 5*a - 3*t. Suppose 4*p = f - a - 10, 5*p = -4*f - 3. What is the units digit of f?
3
Let j = 1 - 1. Let p be -1 - j - (-15)/(-1). Let a = p - -26. What is the tens digit of a?
1
Let l(k) = k**2 + 4*k - 4. What is the units digit of l(4)?
8
Suppose 5*q - 17 = 2*q + 5*o, -5*q = -5*o - 25. Let t be 0 + 10 + (q - 2). Suppose -n = -2*n + 3*f + 16, 3*n + t = -3*f. What is the units digit of n?
1
Suppose 2*u + m - 99 - 56 = 0, -3 = m. What is the tens digit of u?
7
Let g(i) = 2*i + 36. What is the tens digit of g(-5)?
2
Suppose 2*j - 5*j - 375 = 0. Let z = 83 + j. What is the tens digit of -6 - -3 - z/2?
1
Suppose 9 = -5*v + 4*k, -2*k + 0 + 6 = -4*v. Let i(w) = -w - 4. Let j be i(-6). What is the units digit of (-1)/j*14/v?
7
Let y(z) = -25*z + 5. Let d be y(-3). Suppose -d + 10 = -5*x. What is the tens digit of x?
1
Suppose -5*g = -3*g - 62. What is the units digit of g?
1
Let p(j) be the third derivative of j**5/60 - j**4/2 + 2*j**3 - 2*j**2. Let y be p(11). Suppose 4*w - y = 3*w. What is the units digit of w?
1
Let d be ((-5)/(-10))/((-2)/(-36)). What is the tens digit of ((3 - 1) + d)*1?
1
Let t(i) = i**2 + 2*i + 1. Let k be t(-3). Suppose -5*c = -k*g + 75, 2*g - 2*c = -g + 58. What is the units digit of g?
0
What is the units digit of (-6)/(1*(-4)/12)?
8
Let q(a) = 18*a**2 - 2*a + 4. What is the tens digit of q(2)?
7
Suppose -2*h + 117 = h. What is the units digit of h?
9
Suppose 0 = -6*l + 10*l - 4. What is the units digit of l?
1
Let u = 668 - 440. What is the tens digit of u?
2
Let q be 6/4 + (-10)/4. What is the units digit of q/(-2) - 11/(-2)?
6
Let i(b) be the first derivative of b**2 + 2*b + 2. What is the units digit of i(3)?
8
Let c(n) = -n**2 + 7*n + 2. Let d(m) = 0 - 4*m - 2 + m**2 - 2*m - m. Let s(q) = 5*c(q) + 4*d(q). What is the units digit of s(6)?
8
Let j(t) = -t**3 + 8*t**2 - 7*t - 2. What is the units digit of j(5)?
8
Let w(z) = z**3 - 5*z**2 + 6*z - 4. Let k be w(4). Suppose -h = k*h - 50. What is the tens digit of h?
1
Let m = 5 - -1. Suppose -m = 4*a + 5*z, -z - 5 = -a + z. What is the units digit of a?
1
Let m(z) = -2*z**3 - z**2 + z + 2. Let b be m(-2). Suppose t + b = 5*t. What is the units digit of t?
3
Let q = 7 - 3. Suppose -q*u + 8 = 0, -5*u = 5*l - 0*l + 130. Let o = l + 43. What is the units digit of o?
5
Let b(z) = -3 - 11*z - 1 - 3*z + 3. Suppose s + 0*s = -1. What is the tens digit of b(s)?
1
Let u(m) = -22*m + 20. What is the tens digit of u(-10)?
4
Suppose 27*z - 40*z + 624 = 0. What is the tens digit of z?
4
What is the hundreds digit of 4/18 - ((-2856)/27 - 3)?
1
Suppose -32 = -4*k - m, 2*k = -k + 2*m + 35. What is the units digit of k?
9
Suppose -7*q = -4*q - 162. What is the tens digit of 4/3*q/4?
1
Let b = -1 - -4. What is the units digit of b?
3
Let k = -4 - -37. What is the units digit of k?
3
Suppose 4*h + 16 = -5*p, 4*p - 4*h - 7 - 9 = 0. Suppose -y = 3*n + 3*y + 37, p = -5*n - 4*y - 51. Let r(s) = -s + 2. What is the units digit of r(n)?
9
What is the units digit of (1 - 1 - -1*15) + -4?
1
Let z = 32 + 38. What is the units digit of z?
0
Let x be 1/2*0 + -1. Suppose -n = -6 - 1. Let v = n + x. What is the units digit of v?
6
Let t = 63 - 18. What is the units digit of t?
5
Let r(w) = 0*w + 6 - 4*w + 2*w. Let f be r(5). Let g(b) = -2*b + 3. What is the units digit of g(f)?
1
Suppose -119 = -4*t - 3. What is the units digit of t?
9
Let o(n) = -8*n - 31. What is the units digit of o(-8)?
3
Suppose -3 = r + 3*u, 5*u = -5*r + r + 2. Suppose 0 = r*g + 2*p + 17, -21 = 3*g + 5*p - 2*p. Let m = g + 4. What is the units digit of m?
1
Suppose 3*z + 24 = 39. What is the units digit of z?
5
Suppose 3*o - 127 = 83. What is the tens digit of o?
7
Let q = -112 + 177. What is the tens digit of q?
6
Let w = 24 - -106. What is the tens digit of w?
3
Suppose v - 4*v - 5*o - 21 = 0, 0 = v - 4*o - 10. Let h be 75/7 + v/(-7). Let d = -4 + h. What is the units digit of d?
7
What is the units digit of (1 - -2) + 360/24?
8
Let o be 2/(-3)*(-30)/(-20). What is the units digit of (-9)/(-3)*(0 - o)?
3
Let v(t) = -t + 2 - t - 4*t. Let r be v(2). What is the units digit of (-86)/r + (-4)/(-10)?
9
Let q(g) = -g + 2. Let i be q(-3). Let n = i - -6. What is the units digit of n?
1
What is the hundreds digit of (-765)/(-12)*2 - 1/2?
1
Suppose 5*i - 89 = 11. What is the units digit of i?
0
Let r be (-1)/(-2)*(0 - 2). What is the units digit of 0 + (r - -2 - -4)?
5
Let g = -7 + 11. Suppose -48 = -g*b - 0. Suppose -3*k = -9 - b. What is the units digit of k?
7
Let d(x) = -x**3 + 3*x**2 - 4. Let r be d(3). Let o = 2 + r. Let v = 0 - o. What is the units digit of v?
2
Let y = 2 + 37. What is the tens digit of y?
3
What is the units digit of -19 - -25 - (-1)/(-1)?
5
Suppose -n + 61 = 2*i, -n - 4*i + 5*i = -55. What is the units digit of n?
7
Suppose 38 = 3*c + k + 3*k, 5*c - 3*k - 15 = 0. Let v = -4 + c. What is the units digit of v?
2
Suppose 9 = t - 4*t. Let q be t/(((-9)/(-102))/(-1)). Suppose 2*c + q = 2*y, 0 = -4*y + 3*y + 4*c + 32. What is the units digit of y?
2
Suppose 5*b = 12*b - 2261. What is the units digit of b?
3
What is the tens digit of (-1 - (-39)/5)*10?
6
Let z(u) = -4*u + 68. What is the tens digit of z(0)?
6
Let m be (-6